t are the prime factors of q?
2, 3
Suppose -3*n = -4*r - 153, 0*n - 51 = -n + 3*r. What are the prime factors of n?
3, 17
Let k = -242 - -128. Let h be 2/(-11) + k/(-22). Let v(i) = -i**2 + 7*i - 6. What are the prime factors of v(h)?
2
Let j = 4 + -2. Let v be 1*((j - 1) + 42). Suppose 0 = 4*p - 3*m - 47, 3*p - v = 5*m + 6. List the prime factors of p.
2
Suppose -5*p - 19 = -59. Let n(s) = s**3 - 8*s**2 + 9. List the prime factors of n(p).
3
Let d = 21 - 17. Suppose -b = -d + 1. List the prime factors of b.
3
Let w(j) = j**2 - 7*j - 3. Let a be w(7). Suppose 0 = 2*r + 37 - 1. What are the prime factors of (r/8)/(a/8)?
2, 3
Let j be 56/(-20) - 1/5. What are the prime factors of (-24)/j + 4 - -2?
2, 7
Let z be 8 + (1*-2 - 0). Let j = z + 6. What are the prime factors of j?
2, 3
Let j = 27 - 18. Let l(d) = -d**2 + 12*d - 8. List the prime factors of l(j).
19
Suppose -2*g = 2*c - 128, -3*g + 223 - 31 = c. Let o = g + -39. List the prime factors of o.
5
Suppose 2*g + 5*n - 8 = 12, 2*n = 4*g - 40. Suppose 5*i - g = -65. Let o = i - -19. What are the prime factors of o?
2
Let f be ((-9)/6)/(1/(-2)). Suppose -f*a + 68 = 2*a - 3*i, 5*a = 5*i + 60. What are the prime factors of a?
2
Let b(n) = 3*n**2 + 6*n - 7. List the prime factors of b(-6).
5, 13
Let p(j) = -24*j + 1. Let w(s) = 47*s - 2. Let x(d) = 9*p(d) + 4*w(d). Let v be x(-1). Let o = 41 - v. List the prime factors of o.
2, 3
What are the prime factors of 3/(-3 - 8/(-2))?
3
List the prime factors of 1*88 + 7*(-8)/(-28).
2, 3, 5
Suppose 3*a = 148 + 842. List the prime factors of a.
2, 3, 5, 11
Let d be (8/(-3))/((-4)/(-18)). Let o be -3 - (2*15 + 0). Let i = d - o. List the prime factors of i.
3, 7
Suppose 9 = h + y, -h - 7*y = -2*y - 29. Suppose 0 = -h*p, 5*d = p - 0*p + 10. Suppose 4*n - 25 = -3*v, 3*v - 16 = 3*n + d*n. List the prime factors of v.
7
Let r(s) = s**3 - 3*s**2 + 3*s - 4. Let i be r(3). Suppose 2*u - 38 = -m + i*u, -m - 3*u + 20 = 0. List the prime factors of m.
29
Suppose -3*y - 6 + 2 = -q, 5 = -q. Let b be y/4 + (-46)/(-8). Suppose -28 = -2*n + b*m, 4*m + 20 = -4*n + 48. List the prime factors of n.
3
Let p(g) = -g**3 - 5*g**2 - 6*g. What are the prime factors of p(-4)?
2
Let d = 130 - 34. List the prime factors of d.
2, 3
Suppose 3*q = 0, -2*g - 2*q - 2*q = 0. Let s(z) = 3 - 2 + 1 + z. What are the prime factors of s(g)?
2
List the prime factors of -2 - (-24)/10 - 2104/(-40).
53
Suppose -t = o - 2, -5*t + t - 3*o = -10. Suppose 4*l = w + t, 3*l + 0*w + 3*w = -12. Suppose l = 2*q - 10, a = -q + 2*q. What are the prime factors of a?
5
Suppose 5*h = -2*p - 2*p + 522, 0 = -5*p - 3*h + 646. Suppose 4*i + b - p = -b, -3*b + 128 = 4*i. What are the prime factors of i?
2
Let o be 20/3 - 14/21. Let b(a) = a**2 - 4 - 4*a - 2 + 5. What are the prime factors of b(o)?
11
Let y(c) = 46*c - 34. What are the prime factors of y(7)?
2, 3
What are the prime factors of 1 - (1 + 3) - 1*-56?
53
Let x(k) = 9*k**2 + k. Suppose 4 + 0 = -4*i. Let n be x(i). Let t = 1 + n. What are the prime factors of t?
3
Let y = 2 - 83. Let r = -47 - y. What are the prime factors of r?
2, 17
Let g = 0 - -10. Let r = 0 + g. Suppose -2*w + r = -0*w. What are the prime factors of w?
5
Let i(j) = j**3 - 8*j**2 + 3*j + 11. Let n be i(8). Suppose -b + 24 = 3*s, 3*b + s = -3 + n. Let y(t) = -t + 13. List the prime factors of y(b).
2
Let j(x) = -3*x + 5*x + x. Let d be j(3). Suppose 0*h + 3*h = d. List the prime factors of h.
3
Let o be -2 + -1*(-30 - -1). Let l = -14 + o. What are the prime factors of l?
13
Suppose -4 = j - 8, 2*j = -3*i - 7. Let t = -3 - i. Suppose 15 = n + t*n. What are the prime factors of n?
5
Let g(k) = -2*k + 5. Let m be g(5). Let c(b) be the third derivative of b**5/60 + b**4/4 + 7*b**3/6 - 3*b**2. List the prime factors of c(m).
2
Let v = -14 + 24. Suppose -2*s = -v + 2. Suppose -s*n = -9*n - 4*g + 69, 0 = 5*n - 5*g - 105. List the prime factors of n.
17
Let q be -2*(2 + 7/(-2)). Suppose -q*f - 42 = -0*f. Let h = f - -22. What are the prime factors of h?
2
Let p = 5 + -3. Let h(m) = -p*m - 5*m + 3*m + m. List the prime factors of h(-3).
3
Suppose 79 = 5*v - 136. Suppose -3*t + v = -38. Let p = t + -9. List the prime factors of p.
2, 3
Let v be 6/(-12)*(-4 - 0). Suppose -6 = -0*z - v*z. Suppose 1 = -z*n + 7. What are the prime factors of n?
2
Let q = -8 - -22. Suppose 4*h - q = -2*z, 2*h - z - 3*z = 12. Let r(x) = x**3 - 3*x**2 - 2*x + 2. List the prime factors of r(h).
2, 5
Let b(n) = n + 1. Let g be b(-2). Let o be (-3 + 2)/(-2 - g). What are the prime factors of (6*1)/2 - o?
2
List the prime factors of (-232)/(-20) + 3/(-5).
11
Suppose 0 = 5*y + 4*q - 172 - 757, 4*y = 2*q + 764. Suppose 5*j - 21 = y. List the prime factors of j.
2, 3, 7
Suppose k - 18 = 4*k. Let y be (4/3)/((-2)/k). Let w = y - -1. List the prime factors of w.
5
Suppose 0 = 72*g - 74*g + 440. What are the prime factors of g?
2, 5, 11
Suppose 0*c = -h + 2*c + 18, -13 = -h + 3*c. List the prime factors of h.
2, 7
Let f(l) = -6*l + 2. What are the prime factors of f(-5)?
2
Let p(w) = -w**2 - 6 + 14*w - w**3 + 11*w**2 - 7 + 3. List the prime factors of p(11).
23
Suppose k - 35 = -15. What are the prime factors of 5*9*12/k?
3
Let b(w) = w + 9. Let h be b(-6). Suppose -2*v = -l + 23, h*l + 5*v - 102 = -0*v. List the prime factors of l.
29
Let w = 153 - 108. What are the prime factors of w?
3, 5
Let m(y) = y + 7. Let j(g) = g + 10. Let o(h) = -5*j(h) + 8*m(h). List the prime factors of o(7).
3
Let y(x) = x**2 + 11 + x**2 - 3*x**2 + 0*x**2 - 9*x. What are the prime factors of y(-7)?
5
Suppose 0*t = -4*t - 68. Let d = -5 - t. What are the prime factors of d?
2, 3
Let r(p) = 8*p**2 - 6*p + 4. What are the prime factors of r(2)?
2, 3
Let r = -1 + 4. Suppose -5*t + 11 = 4*s + r, t + 4 = 0. List the prime factors of s.
7
Suppose d - 1 - 4 = 0. Let a(x) = 2*x + 4. List the prime factors of a(d).
2, 7
Suppose 13 = 5*y - 2. List the prime factors of y + 2*2/4.
2
Let d(i) = -i**3 + 8*i**2 - 2*i - 3. What are the prime factors of d(5)?
2, 31
Suppose -2*m - 4*l + 114 = 0, -7*m - 5*l = -2*m - 300. What are the prime factors of m?
3, 7
Suppose 5*n = -p, 2*n - 4*p = n. Suppose n = -0*d - d + 30. List the prime factors of d.
2, 3, 5
Let j = -4 - -10. What are the prime factors of j?
2, 3
Let n = -5 + 7. Let m = 10 - n. Let b = 13 - m. List the prime factors of b.
5
Suppose 0 = -177*r + 173*r + 632. What are the prime factors of r?
2, 79
Suppose -157 + 5 = -8*g. List the prime factors of g.
19
Let w(j) = 17*j - 2. Let l be w(-1). Let v = 23 + l. List the prime factors of v.
2
Let b = 3 + 0. Suppose -57 = -b*k + 5*w + 43, -4*k - w = -141. List the prime factors of k.
5, 7
Let i(j) = j**3 + 8*j**2 - 2*j - 7. Suppose -2*p + 5 - 17 = 0. Let w be 42/(-35)*(-40)/p. What are the prime factors of i(w)?
3
List the prime factors of (510/45)/((-4)/(-6)).
17
Let g be 2/(-7) - (-360)/(-14). Let v = 38 + g. Suppose 2*f - v - 6 = 0. What are the prime factors of f?
3
Let i be (0/2 - 1)*3. Let r = -4 - i. Let c(d) = -6*d. What are the prime factors of c(r)?
2, 3
Let o be (-3)/15 - 122/(-10). List the prime factors of 4/6 + 448/o.
2, 19
Let p(d) = d**3 + d**2 - d + 2. Let k be p(-2). Let n(m) = -m**2 - m**2 + k*m**2 + m**2 + 5*m. List the prime factors of n(3).
2, 3
Suppose -2*z - 3*z + 422 = -2*l, z + 3*l = 81. List the prime factors of z.
2, 3, 7
What are the prime factors of 92/5 + 18/(-45)?
2, 3
Suppose 5*b = -3*o - 3, 2*o - b + 33 = -3*o. What are the prime factors of (-56)/o*(-30)/(-20)?
2, 7
Suppose 3*v - 29 = -2*d, 4*d - 18 - 30 = 4*v. Suppose 3 = 4*k - d. What are the prime factors of k?
2
Let f = 2 + 2. Suppose -5 = f*b - 65. Let c = b - 8. List the prime factors of c.
7
Let d(t) = -4*t**3 - 1. List the prime factors of d(-2).
31
Let p(n) = n + 36. List the prime factors of p(-10).
2, 13
Let g = 6 - 2. What are the prime factors of (g/10)/(3/60)?
2
Let l(b) = b**2 + 6*b + 9. Let r be l(-8). Suppose -2*h + r = 5*o, o - 4*h = -3 + 8. What are the prime factors of o?
5
Suppose 53 = 5*s - 2. What are the prime factors of s?
11
Suppose 1377 = -2*j + 11*j. What are the prime factors of j?
3, 17
Let r = -2 - -8. What are the prime factors of r?
2, 3
Suppose 3*b + 3*v - 462 = 0, 0*b + 472 = 3*b + 5*v. What are the prime factors of b?
149
Let p(h) = h**2 - 8*h + 3.